{"id":751,"date":"2025-11-04T11:42:21","date_gmt":"2025-11-04T10:42:21","guid":{"rendered":"https:\/\/cocoonamama.fr\/?page_id=751"},"modified":"2025-11-04T12:25:24","modified_gmt":"2025-11-04T11:25:24","slug":"doula","status":"publish","type":"page","link":"https:\/\/cocoonamama.fr\/?page_id=751","title":{"rendered":"DOULA"},"content":{"rendered":"\t\t<div data-elementor-type=\"wp-page\" data-elementor-id=\"751\" class=\"elementor elementor-751\">\n\t\t\t\t\t\t<section class=\"elementor-section elementor-top-section elementor-element elementor-element-46cc061 elementor-section-boxed elementor-section-height-default elementor-section-height-default\" data-id=\"46cc061\" data-element_type=\"section\">\n\t\t\t\t\t\t<div class=\"elementor-container elementor-column-gap-default\">\n\t\t\t\t\t<div class=\"elementor-column elementor-col-100 elementor-top-column elementor-element elementor-element-69f478d\" data-id=\"69f478d\" data-element_type=\"column\">\n\t\t\t<div class=\"elementor-widget-wrap elementor-element-populated\">\n\t\t\t\t\t\t<div class=\"elementor-element elementor-element-39030c2 elementor-widget elementor-widget-heading\" data-id=\"39030c2\" data-element_type=\"widget\" data-widget_type=\"heading.default\">\n\t\t\t\t<div class=\"elementor-widget-container\">\n\t\t\t\t\t<h1 class=\"elementor-heading-title elementor-size-default\">ACCOMPAGNEMENT DOULA<\/h1>\t\t\t\t<\/div>\n\t\t\t\t<\/div>\n\t\t\t\t\t<\/div>\n\t\t<\/div>\n\t\t\t\t\t<\/div>\n\t\t<\/section>\n\t\t\t\t<section class=\"elementor-section elementor-top-section elementor-element elementor-element-68327d9 elementor-section-boxed elementor-section-height-default elementor-section-height-default\" data-id=\"68327d9\" data-element_type=\"section\">\n\t\t\t\t\t\t<div class=\"elementor-container elementor-column-gap-default\">\n\t\t\t\t\t<div class=\"elementor-column elementor-col-100 elementor-top-column elementor-element elementor-element-0d54f1f\" data-id=\"0d54f1f\" data-element_type=\"column\">\n\t\t\t<div class=\"elementor-widget-wrap elementor-element-populated\">\n\t\t\t\t\t\t<div class=\"elementor-element elementor-element-1ea11d9 elementor-widget elementor-widget-image\" data-id=\"1ea11d9\" data-element_type=\"widget\" data-widget_type=\"image.default\">\n\t\t\t\t<div class=\"elementor-widget-container\">\n\t\t\t\t\t\t\t\t\t\t\t\t\t\t\t<img fetchpriority=\"high\" decoding=\"async\" width=\"525\" height=\"525\" src=\"https:\/\/cocoonamama.fr\/wp-content\/uploads\/2023\/09\/Lien-parent-BB-1024x1024.jpg\" class=\"attachment-large size-large wp-image-116\" alt=\"\" srcset=\"https:\/\/cocoonamama.fr\/wp-content\/uploads\/2023\/09\/Lien-parent-BB-1024x1024.jpg 1024w, https:\/\/cocoonamama.fr\/wp-content\/uploads\/2023\/09\/Lien-parent-BB-300x300.jpg 300w, https:\/\/cocoonamama.fr\/wp-content\/uploads\/2023\/09\/Lien-parent-BB-150x150.jpg 150w, https:\/\/cocoonamama.fr\/wp-content\/uploads\/2023\/09\/Lien-parent-BB-768x768.jpg 768w, https:\/\/cocoonamama.fr\/wp-content\/uploads\/2023\/09\/Lien-parent-BB-100x100.jpg 100w, https:\/\/cocoonamama.fr\/wp-content\/uploads\/2023\/09\/Lien-parent-BB.jpg 1080w\" sizes=\"100vw\" \/>\t\t\t\t\t\t\t\t\t\t\t\t\t\t\t<\/div>\n\t\t\t\t<\/div>\n\t\t\t\t\t<\/div>\n\t\t<\/div>\n\t\t\t\t\t<\/div>\n\t\t<\/section>\n\t\t\t\t<section class=\"elementor-section elementor-top-section elementor-element elementor-element-e0193f6 elementor-section-boxed elementor-section-height-default elementor-section-height-default\" data-id=\"e0193f6\" data-element_type=\"section\">\n\t\t\t\t\t\t<div class=\"elementor-container elementor-column-gap-default\">\n\t\t\t\t\t<div class=\"elementor-column elementor-col-100 elementor-top-column elementor-element elementor-element-1be9feb\" data-id=\"1be9feb\" data-element_type=\"column\">\n\t\t\t<div class=\"elementor-widget-wrap elementor-element-populated\">\n\t\t\t\t\t\t<div class=\"elementor-element elementor-element-d820edc elementor-widget__width-initial elementor-widget elementor-widget-text-editor\" data-id=\"d820edc\" data-element_type=\"widget\" data-widget_type=\"text-editor.default\">\n\t\t\t\t<div class=\"elementor-widget-container\">\n\t\t\t\t\t\t\t\t\t<p><strong>QU\u2019EST-CE QU\u2019UNE DOULA ?<\/strong><\/p><p><strong>La doula accompagne la femme dans sa maternit\u00e9 avec douceur, respect et continuit\u00e9, en favorisant l\u2019autonomie, la confiance et le lien.\u00a0<\/strong><\/p><p><strong>L\u2019accompagnement d\u2019une doula<\/strong> est un soutien global, bienveillant et personnalis\u00e9 propos\u00e9 \u00e0 la femme (et \u00e0 son\/sa partenaire) pendant la grossesse, l\u2019accouchement et le post-partum.<\/p><p>Une doula accompagne \u00e9galement tous les moments de la vie, o\u00f9 un besoin de soutien se fait sentir.<\/p><p>La doula est la personne neutre qui saura par son intuition et sa neutralit\u00e9 vous offrir le petit coup de pouce qui vous soutiendra \u00e0 un moment cl\u00e9 ou un moment de vuln\u00e9rabilit\u00e9.<\/p><p><strong style=\"font-size: 1rem;\">Une doula soutient \u00e9galement toutes les \u00e9tapes de la vie.<\/strong><\/p><p><strong><u>MON ACCOMPAGNEMENT DOULA<\/u><\/strong>\u00a0<br \/>En tant que doula, j\u2019offre une pr\u00e9sence rassurante, une \u00e9coute attentive et des informations \u00e9clair\u00e9es pour aider chaque future maman \u00e0 vivre cette p\u00e9riode en confiance et en autonomie.<\/p><p><strong>J\u2019offre mon soutien \u00e9motionnel\u00a0:<br \/><\/strong>Je suis une oreille attentive, sans jugement, pour accueillir les \u00e9motions, les doutes, les peurs et les joies li\u00e9s \u00e0 la maternit\u00e9.<br \/>Un des besoins fondamentaux de la future maman est de se sentir en PAIX. <br \/>Le soutien \u00e9motionnel que j\u2019offre t\u2019aidera \u00e0 te sentir en PAIX, m\u00eame au milieu de ce climat qui peux sembler anxiog\u00e8ne.<br \/>Pour ton plus grand bien et celui de ton b\u00e9b\u00e9.<\/p><p><strong>J\u2019offre<\/strong> <strong>mon soutien informatif :<\/strong><br \/>Je te fournit des informations neutres et fiables pour t\u2019aider \u00e0 faire tes propres choix \u00e9clair\u00e9s (projet de naissance, allaitement, pr\u00e9paration \u00e0 l\u2019arriv\u00e9e du b\u00e9b\u00e9, etc.).<\/p><p><strong>J\u2019offre un soutien pratique et concret pour accompagner ton corps et ton esprit \u00e0 vivre ce changement\u00a0:<br \/><\/strong>Je t\u2019aide \u00e0 cr\u00e9er un environnement serein, \u00e0 cr\u00e9er ton \u00e9cosyst\u00e8me int\u00e9rieur pour que tu te sentes bien dans ton corps, bien avec ton b\u00e9b\u00e9 et dans ton couple\u00a0:<\/p><p>Yoga, rituels de relaxation, massages, am\u00e9nagement du nid, accompagnement du couple, pr\u00e9paration du jour de naissance, du post-partum\u2026.<\/p><p><strong>J\u2019offre mon soutien \u00e0 la naissance :<\/strong><br \/>Je suis pr\u00e9sente (si tu le souhaites et si ta maternit\u00e9 l\u2019accepte) le jour de l\u2019accouchement pour t\u2019offrir un appui constant, favoriser ta d\u00e9tente, t\u2019encourager dans ta puissance et ton rythme.<\/p><p><strong>J\u2019offre mon soutien postnatal :<\/strong><br \/>Si tu le souhaite, je t\u2019accompagne ta transition apr\u00e8s la naissance.<\/p><p>Je t\u2019offre mon soutien pour une meilleure r\u00e9cup\u00e9ration physique, ton \u00e9quilibre \u00e9motionnel, la mise en place de l\u2019allaitement, \u2026<\/p><div>\u00a0<\/div>\t\t\t\t\t\t\t\t<\/div>\n\t\t\t\t<\/div>\n\t\t\t\t<div class=\"elementor-element elementor-element-abefd75 elementor-widget__width-initial elementor-invisible elementor-widget elementor-widget-image\" data-id=\"abefd75\" data-element_type=\"widget\" data-settings=\"{&quot;_animation&quot;:&quot;fadeInLeft&quot;}\" data-widget_type=\"image.default\">\n\t\t\t\t<div class=\"elementor-widget-container\">\n\t\t\t\t\t\t\t\t\t\t\t\t\t\t\t<img decoding=\"async\" width=\"500\" height=\"500\" src=\"https:\/\/cocoonamama.fr\/wp-content\/uploads\/2025\/11\/LOGO-DOULA-DU-CONTINUUM.png\" class=\"attachment-large size-large wp-image-761\" alt=\"\" srcset=\"https:\/\/cocoonamama.fr\/wp-content\/uploads\/2025\/11\/LOGO-DOULA-DU-CONTINUUM.png 500w, https:\/\/cocoonamama.fr\/wp-content\/uploads\/2025\/11\/LOGO-DOULA-DU-CONTINUUM-300x300.png 300w, https:\/\/cocoonamama.fr\/wp-content\/uploads\/2025\/11\/LOGO-DOULA-DU-CONTINUUM-150x150.png 150w, https:\/\/cocoonamama.fr\/wp-content\/uploads\/2025\/11\/LOGO-DOULA-DU-CONTINUUM-100x100.png 100w\" sizes=\"100vw\" \/>\t\t\t\t\t\t\t\t\t\t\t\t\t\t\t<\/div>\n\t\t\t\t<\/div>\n\t\t\t\t<div class=\"elementor-element elementor-element-f343c08 elementor-widget elementor-widget-text-editor\" data-id=\"f343c08\" data-element_type=\"widget\" data-widget_type=\"text-editor.default\">\n\t\t\t\t<div class=\"elementor-widget-container\">\n\t\t\t\t\t\t\t\t\t<p><strong>MES\u00a0 OFFRES<\/strong><\/p><p><strong>Je vous propose de prendre un rdv pour que l&rsquo;on d\u00e9finisse ensemble l&rsquo;accompagnement qui vous convient : <\/strong><\/p><ul><li>Rdv unique : 1h \u00e0 1h30 d&rsquo;\u00e9change pour vous accompagner ponctuellement sur une probl\u00e9matique donn\u00e9e (60 \u20ac)<br \/><br \/><\/li><li>Rdv d&rsquo;accompagnement DOULA pour votre grossesse et\/ou la naissance de votre b\u00e9b\u00e9 (Chaque accompagnement est unique, on prend d&rsquo;abord contact, on voit le nombre de rdv possible en fonction d&rsquo;o\u00f9 vous en \u00eates dans votre grossesse et ensuite je vous propose une offre tarif\u00e9e d&rsquo;accompagnement. Le point d&rsquo;entr\u00e9e est le Rdv unique)<\/li><li>Rdv d&rsquo;accompagnement PostNatal si vous avez besoin de soutien de retour \u00e0 la maison (60 \u20ac)<\/li><\/ul><p>Tous les rdv peuvent se faire en distanciel.<\/p><p>A part pour ma pr\u00e9sence \u00e0 la naissance bien s\u00fbr<\/p><p><a href=\"https:\/\/cocoonamama.fr\/?page_id=320\">Prendre contact maintenant<\/a><\/p>\t\t\t\t\t\t\t\t<\/div>\n\t\t\t\t<\/div>\n\t\t\t\t\t<\/div>\n\t\t<\/div>\n\t\t\t\t\t<\/div>\n\t\t<\/section>\n\t\t\t\t<section class=\"elementor-section elementor-top-section elementor-element elementor-element-9ea9847 elementor-section-boxed elementor-section-height-default elementor-section-height-default\" data-id=\"9ea9847\" data-element_type=\"section\">\n\t\t\t\t\t\t<div class=\"elementor-container elementor-column-gap-default\">\n\t\t\t\t\t<div class=\"elementor-column elementor-col-100 elementor-top-column elementor-element elementor-element-1e2d3dd\" data-id=\"1e2d3dd\" data-element_type=\"column\">\n\t\t\t<div class=\"elementor-widget-wrap\">\n\t\t\t\t\t\t\t<\/div>\n\t\t<\/div>\n\t\t\t\t\t<\/div>\n\t\t<\/section>\n\t\t\t\t<section class=\"elementor-section elementor-top-section elementor-element elementor-element-07f39ba elementor-section-boxed elementor-section-height-default elementor-section-height-default\" data-id=\"07f39ba\" data-element_type=\"section\">\n\t\t\t\t\t\t<div class=\"elementor-container elementor-column-gap-default\">\n\t\t\t\t\t<div class=\"elementor-column elementor-col-100 elementor-top-column elementor-element elementor-element-7c65f22\" data-id=\"7c65f22\" data-element_type=\"column\">\n\t\t\t<div class=\"elementor-widget-wrap elementor-element-populated\">\n\t\t\t\t\t\t<div class=\"elementor-element elementor-element-49d7bca elementor-widget elementor-widget-text-editor\" data-id=\"49d7bca\" data-element_type=\"widget\" data-widget_type=\"text-editor.default\">\n\t\t\t\t<div class=\"elementor-widget-container\">\n\t\t\t\t\t\t\t\t\t<p><strong><img decoding=\"async\" class=\"alignnone size-medium wp-image-760\" src=\"http:\/\/cocoonamama.fr\/wp-content\/uploads\/2025\/11\/LOGO-DOULA-DU-CONTINUUM-300x300.jpg\" alt=\"\" width=\"300\" height=\"300\" srcset=\"https:\/\/cocoonamama.fr\/wp-content\/uploads\/2025\/11\/LOGO-DOULA-DU-CONTINUUM-300x300.jpg 300w, https:\/\/cocoonamama.fr\/wp-content\/uploads\/2025\/11\/LOGO-DOULA-DU-CONTINUUM-150x150.jpg 150w, https:\/\/cocoonamama.fr\/wp-content\/uploads\/2025\/11\/LOGO-DOULA-DU-CONTINUUM-100x100.jpg 100w, https:\/\/cocoonamama.fr\/wp-content\/uploads\/2025\/11\/LOGO-DOULA-DU-CONTINUUM.jpg 500w\" sizes=\"(max-width: 300px) 100vw, 300px\" \/><\/strong><\/p>\n<p><strong>MON PARCOURS, MA FORMATION<\/strong><\/p>\n<p>Je suis Doula certifi\u00e9e par le centre Pleine Lune d&rsquo;Isabelle CHALLUT.<br>Isabelle CHALLUT fait partie des femmes pionni\u00e8res pour une naissance respect\u00e9e.<\/p>\n<p>J\u2019ai \u00e9galement particip\u00e9 \u00e0 une formation transmise par Michel ODENT et Liliana LAMMERS.<\/p>\n<p>Ces transmissions sont d\u2019extr\u00eame qualit\u00e9 car Michel ODENT est le p\u00e8re de la naissance physiologique. C\u2019est lui qui a introduit les piscines dans les salles de naissance. Il a d\u00e9velopp\u00e9 un environnement de vie chaleureux dans la maternit\u00e9 qu\u2019il dirigeait. Il avait observ\u00e9 que le climat dans lequel se trouve la femme qui accouche \u00e9tait essentiel. Il a observ\u00e9 l\u2019importance du besoin d\u2019\u00eatre rassur\u00e9 pour pouvoir donner naissance.<\/p>\n<p>Liliana LAMMERS est doula et a accompagn\u00e9 plus de 600 naissances. Son exp\u00e9rience est d\u2019une grande richesse. Ella a partag\u00e9 la vie de Michel ODENT jusqu\u2019\u00e0 son d\u00e9part le 19\/08\/2025.<\/p>\n<p>Je me qualifie de DOULA DU CONTINUUM car je me suis form\u00e9e pour vous accompagner jusqu\u2019aux premiers pas de votre b\u00e9b\u00e9.<br>Mon exp\u00e9rience aupr\u00e8s des familles valide les bienfaits de mon soutien.<br>Je vous offre mon soutien pour que vous puissiez vivre votre vie de famille sereine et \u00e9panouie. Contre vent et marr\u00e9es, le kiff sera de la partie et m\u00eame aux premi\u00e8res loges.<\/p>\n<p>C\u2019est tout ce que je vous souhaite.<\/p>\n<p>C\u2019est ce que j\u2019ai v\u00e9cu et je referais tout pareil, alors je vous donne les cl\u00e9s si vous le souhaitez.<\/p>\t\t\t\t\t\t\t\t<\/div>\n\t\t\t\t<\/div>\n\t\t\t\t\t<\/div>\n\t\t<\/div>\n\t\t\t\t\t<\/div>\n\t\t<\/section>\n\t\t\t\t<\/div>\n\t\t","protected":false},"excerpt":{"rendered":"<p>ACCOMPAGNEMENT DOULA QU\u2019EST-CE QU\u2019UNE DOULA ? La doula accompagne la femme dans sa maternit\u00e9 avec douceur, respect et continuit\u00e9, en favorisant l\u2019autonomie, la confiance et le lien.\u00a0 L\u2019accompagnement d\u2019une doula est un soutien global, bienveillant et personnalis\u00e9 propos\u00e9 \u00e0 la femme (et \u00e0 son\/sa partenaire) pendant la grossesse, l\u2019accouchement et le post-partum. Une doula accompagne &hellip; <\/p>\n<p class=\"link-more\"><a href=\"https:\/\/cocoonamama.fr\/?page_id=751\" class=\"more-link\">Continuer la lecture<span class=\"screen-reader-text\"> de &laquo;&nbsp;DOULA&nbsp;&raquo;<\/span><\/a><\/p>\n","protected":false},"author":1,"featured_media":753,"parent":0,"menu_order":0,"comment_status":"closed","ping_status":"closed","template":"","meta":{"footnotes":""},"class_list":["post-751","page","type-page","status-publish","has-post-thumbnail","hentry"],"_links":{"self":[{"href":"https:\/\/cocoonamama.fr\/index.php?rest_route=\/wp\/v2\/pages\/751","targetHints":{"allow":["GET"]}}],"collection":[{"href":"https:\/\/cocoonamama.fr\/index.php?rest_route=\/wp\/v2\/pages"}],"about":[{"href":"https:\/\/cocoonamama.fr\/index.php?rest_route=\/wp\/v2\/types\/page"}],"author":[{"embeddable":true,"href":"https:\/\/cocoonamama.fr\/index.php?rest_route=\/wp\/v2\/users\/1"}],"replies":[{"embeddable":true,"href":"https:\/\/cocoonamama.fr\/index.php?rest_route=%2Fwp%2Fv2%2Fcomments&post=751"}],"version-history":[{"count":8,"href":"https:\/\/cocoonamama.fr\/index.php?rest_route=\/wp\/v2\/pages\/751\/revisions"}],"predecessor-version":[{"id":764,"href":"https:\/\/cocoonamama.fr\/index.php?rest_route=\/wp\/v2\/pages\/751\/revisions\/764"}],"wp:featuredmedia":[{"embeddable":true,"href":"https:\/\/cocoonamama.fr\/index.php?rest_route=\/wp\/v2\/media\/753"}],"wp:attachment":[{"href":"https:\/\/cocoonamama.fr\/index.php?rest_route=%2Fwp%2Fv2%2Fmedia&parent=751"}],"curies":[{"name":"wp","href":"https:\/\/api.w.org\/{rel}","templated":true}]}}